 52228699?
23, 98731
What are the prime factors of 12413321?
12413321
What are the prime factors of 548697871?
991, 553681
What are the prime factors of 2848450889?
103, 1607, 17209
List the prime factors of 3176796372.
2, 3, 264733031
List the prime factors of 93950171.
7, 13421453
What are the prime factors of 5731365686?
2, 17, 168569579
List the prime factors of 2365928.
2, 37, 7993
What are the prime factors of 918989838?
2, 3, 13, 3927307
What are the prime factors of 1834181185?
5, 31, 11833427
List the prime factors of 50138956.
2, 7, 491, 521
What are the prime factors of 951929630?
2, 5, 4861, 19583
List the prime factors of 1155250056.
2, 3, 48135419
What are the prime factors of 2334206926?
2, 29, 43, 107, 8747
What are the prime factors of 38197590?
2, 3, 5, 61, 20873
What are the prime factors of 38558222?
2, 61, 316051
What are the prime factors of 4002086016?
2, 3, 1158011
What are the prime factors of 302058763?
61, 4951783
What are the prime factors of 193915289?
193915289
List the prime factors of 458461268.
2, 114615317
List the prime factors of 234049186.
2, 7, 2388257
What are the prime factors of 49516943?
7, 139, 50891
List the prime factors of 47814069.
3, 29, 549587
What are the prime factors of 1407230?
2, 5, 11, 1163
List the prime factors of 190282437.
3, 21142493
List the prime factors of 363669952.
2, 71, 163, 491
List the prime factors of 2035617614.
2, 367, 2773321
What are the prime factors of 2768936853?
3, 1129, 817519
What are the prime factors of 1629069213?
3, 563, 964517
What are the prime factors of 3048908120?
2, 5, 43, 1237, 1433
What are the prime factors of 46580688?
2, 3, 7, 11, 4201
List the prime factors of 539318437.
7, 77045491
What are the prime factors of 34366777?
139, 433, 571
What are the prime factors of 1234953148?
2, 11, 13, 547, 3947
List the prime factors of 249190829.
73, 3413573
List the prime factors of 221196931.
53, 479, 8713
What are the prime factors of 49405028?
2, 2749, 4493
What are the prime factors of 2806393909?
11, 4663, 54713
What are the prime factors of 267170040?
2, 3, 5, 29, 157, 163
What are the prime factors of 492797867?
47, 10485061
List the prime factors of 3844375976.
2, 7, 8017, 8563
What are the prime factors of 372608197?
13, 199, 144031
What are the prime factors of 226865261?
7, 23, 1409101
What are the prime factors of 387353626?
2, 11, 23, 765521
List the prime factors of 1709755911.
3, 179, 353767
List the prime factors of 219888976.
2, 19, 723319
What are the prime factors of 3346831379?
17657, 189547
What are the prime factors of 189270890?
2, 5, 199, 95111
What are the prime factors of 1954976650?
2, 5, 11, 421, 8443
List the prime factors of 185687494.
2, 19, 4886513
List the prime factors of 1365863034.
2, 3, 149, 1527811
What are the prime factors of 278263978?
2, 233, 597133
What are the prime factors of 634240007?
19, 347, 96199
List the prime factors of 345524249.
7, 49360607
What are the prime factors of 1733186885?
5, 29, 11953013
List the prime factors of 2917264541.
19, 29, 673, 7867
List the prime factors of 428799125.
5, 19, 180547
What are the prime factors of 104034893?
104034893
List the prime factors of 131891771.
11, 617, 19433
List the prime factors of 3592824791.
53, 191, 257, 1381
List the prime factors of 7033187101.
7033187101
What are the prime factors of 87537253?
331, 264463
List the prime factors of 674450358.
2, 3, 59, 73, 26099
What are the prime factors of 429131058?
2, 3, 71521843
List the prime factors of 637876979.
637876979
What are the prime factors of 4371974671?
31, 141031441
List the prime factors of 727784569.
17, 19, 2253203
What are the prime factors of 751503367?
8293, 90619
What are the prime factors of 123430550?
2, 5, 547, 4513
List the prime factors of 620282112.
2, 3, 41, 19699
What are the prime factors of 296796105?
3, 5, 43, 163, 941
What are the prime factors of 51788330?
2, 5, 11, 41, 11483
What are the prime factors of 25346751?
3, 109, 77513
List the prime factors of 18706258.
2, 1871, 4999
List the prime factors of 63397127.
421, 150587
What are the prime factors of 63857719?
97, 658327
What are the prime factors of 526180449?
3, 53, 61, 54251
List the prime factors of 2082681803.
1801, 1156403
List the prime factors of 2416433505.
3, 5, 53, 257, 11827
What are the prime factors of 308647343?
19, 109, 149033
List the prime factors of 474846427.
11, 211, 204587
List the prime factors of 65489063.
65489063
List the prime factors of 562070821.
13, 43236217
List the prime factors of 129940288.
2, 2030317
What are the prime factors of 23617805?
5, 4723561
What are the prime factors of 170970255?
3, 5, 47, 229, 353
List the prime factors of 990105383.
15299, 64717
List the prime factors of 1198970260.
2, 5, 31, 1933823
What are the prime factors of 376962310?
2, 5, 61, 617971
List the prime factors of 44144278.
2, 22072139
List the prime factors of 252183423.
3, 17, 290869
What are the prime factors of 614856950?
2, 5, 919, 13381
What are the prime factors of 107591134?
2, 7, 41, 187441
What are the prime factors of 1189938334?
2, 13, 45766859
What are the prime factors of 28288754?
2, 13, 43, 25303
List the prime factors of 403852127.
7, 6317, 9133
What are the prime factors of 157691293?
7159, 22027
List the prime factors of 85435451.
85435451
List the prime factors of 100811262.
2, 3, 163, 103079
What are the prime factors of 1311359286?
2, 3, 89, 2455729
What are the prime factors of 104571576?
2, 3, 1452383
What are the prime factors of 20903634?
2, 3, 1161313
List the prime factors of 319223627.
319223627
List the prime factors of 167303626.
2, 7, 19, 43, 14627
List the prime factors of 189907535.
5, 37981507
What are the prime factors of 31603702?
2, 13, 23, 41, 1289
What are the prime factors of 26611879?
7, 29, 337, 389
List the prime factors of 41904485.
5, 7, 97, 12343
What are the prime factors of 27913283?
23, 29, 41849
List the prime factors of 540033390.
2, 3, 5, 13, 17, 19, 1429
List the prime factors of 1038171775.
5, 41526871
List the prime factors of 302748186.
2, 3, 13, 3881387
List the prime factors of 895452936.
2, 3, 7, 313, 17029
What are the prime factors of 91482391?
7, 11, 13, 59, 1549
What are the prime factors of 156101701?
7, 17, 19, 1409
What are the prime factors of 1530920919?
3, 11, 4217413
List the prime factors of 1262887988.
2, 315721997
What are the prime factors of 7224893254?
2, 3359, 1075453
What are the prime factors of 663395696?
2, 227, 182653
What are the prime factors of 39636335?
5, 673, 11779
What are the prime factors of 617090753?
617090753
List the prime factors of 427085933.
19, 43, 522749
What are the prime factors of 4381492015?
5, 211, 1163, 3571
What are the prime factors of 19466622?
2, 3, 7, 1051
What are the prime factors of 674658241?
23, 2767, 10601
What are the prime factors of 82202265?
3, 5, 19, 79, 1217
What are the prime factors of 296010309?
3, 7, 14095729
What are the prime factors of 97141030?
2, 5, 7, 127, 223
What are the prime factors of 21138216?
2, 3, 11, 29, 251
List the prime factors of 606591887.
11, 743, 74219
What are the prime factors of 735459111?
3, 29, 53, 79, 673
What are the prime factors of 47602145?
5, 9520429
List the prime factors of 39899707.
39899707
List the prime factors of 25494969.
3, 8498323
What are the prime factors of 66349367?
7, 487, 19463
List the prime factors of 533094788.
2, 133273697
List the prime factors of 132810444.
2, 3, 13, 163, 1741
What are the prime factors of 12072895?
5, 43, 233, 241
List the prime factors of 728742449.
8863, 82223
List the prime factors of 128393525.
5, 13, 30389
List the prime factors of 10827340.
2, 5, 19, 28493
List the prime factors of 13370815.
5, 541, 4943
List the prime factors of 216006859.
151, 619, 2311
List the prime factors of 3377128476.
2, 3, 19, 563, 26309
What are the prime factors of 1398739935?
3, 5, 93249329
What are the prime factors of 490538060?
2, 5, 17, 47, 30697
List the prime factors of 5993109255.
3, 5, 7, 31, 1841201
What are the prime factors of 4939178?
2, 251, 9839
What are the prime factors of 447128995?
5, 19, 1559, 3019
What are the prime factors of 1039492490?
2, 5, 103949249
What are the prime factors of 10902522?
2, 3, 1817087
L